{"id":249,"date":"2020-10-20T11:11:27","date_gmt":"2020-10-20T09:11:27","guid":{"rendered":"https:\/\/www.inderach.com\/?page_id=249"},"modified":"2022-03-02T15:17:24","modified_gmt":"2022-03-02T13:17:24","slug":"llegums-ecologics","status":"publish","type":"page","link":"https:\/\/www.inderach.com\/cast\/llegums-ecologics\/","title":{"rendered":"Legumbres ecol\u00f3gicas"},"content":{"rendered":"\n<div class=\"wp-block-cover alignwide is-light is-position-center-center\" style=\"min-height:276px;aspect-ratio:unset;\"><span aria-hidden=\"true\" class=\"has-background-dim-20 wp-block-cover__gradient-background has-background-dim\"><\/span><img loading=\"lazy\" decoding=\"async\" width=\"2000\" height=\"1300\" class=\"wp-block-cover__image-background wp-image-150\" alt=\"\" src=\"https:\/\/www.inderach.com\/wp-content\/uploads\/2020\/06\/campo-lentejas.jpg\" style=\"object-position:40% 26%\" data-object-fit=\"cover\" data-object-position=\"40% 26%\" srcset=\"https:\/\/www.inderach.com\/wp-content\/uploads\/2020\/06\/campo-lentejas.jpg 2000w, https:\/\/www.inderach.com\/wp-content\/uploads\/2020\/06\/campo-lentejas-300x195.jpg 300w, https:\/\/www.inderach.com\/wp-content\/uploads\/2020\/06\/campo-lentejas-1024x666.jpg 1024w, https:\/\/www.inderach.com\/wp-content\/uploads\/2020\/06\/campo-lentejas-768x499.jpg 768w, https:\/\/www.inderach.com\/wp-content\/uploads\/2020\/06\/campo-lentejas-1536x998.jpg 1536w, https:\/\/www.inderach.com\/wp-content\/uploads\/2020\/06\/campo-lentejas-1200x780.jpg 1200w, https:\/\/www.inderach.com\/wp-content\/uploads\/2020\/06\/campo-lentejas-1980x1287.jpg 1980w\" sizes=\"auto, (max-width: 2000px) 100vw, 2000px\" \/><div class=\"wp-block-cover__inner-container is-layout-flow wp-block-cover-is-layout-flow\">\n<p class=\"has-text-align-center has-text-color\" style=\"color:#fffffa;font-size:49px;line-height:1.1\"><strong>Del campo a la mesa.<\/strong><\/p>\n\n\n\n<p class=\"has-text-align-center has-text-color\" style=\"color:#fffffa;font-size:49px;line-height:1.1\"><strong>Las legumbres ecol\u00f3gicas de Inderach<\/strong><\/p>\n<\/div><\/div>\n\n\n\n<h3 class=\"wp-block-heading\" id=\"llegumbres-bio-legumbres-ecologicas\"><strong>Llegumbres BIO, legumbres ecol\u00f3gicas<\/strong><\/h3>\n\n\n\n<p>Nuestras legumbres est\u00e1n certificadas por el Consejo Catal\u00e1n de Producci\u00f3n Ecol\u00f3gica Agr\u00edcola de la Generalitat de Catalunya como legumbres en la agricultura ecol\u00f3gica. Aunque nuestra m\u00e1xima prioridad es seguir desarrollando un producto con una elaboraci\u00f3n tradicional, nunca olvidamos la evoluci\u00f3n, y es por ello que introducimos las legumbres ecol\u00f3gicas en nuestra cartera de productos. Para cuidar la tierra y el medio ambiente\u2026 en definitiva, para cuidar de todos nosotros!<\/p>\n\n\n\n<div class=\"wp-block-file\"><a id=\"wp-block-file--media-cee17e84-e2cb-4b9e-9a38-2689d9610bd3\" href=\"https:\/\/www.inderach.com\/wp-content\/uploads\/2020\/12\/Cataleg_Inderach_ECO_CAST.pdf\">Cat\u00e1logo de legumbres ecol\u00f3gicas<\/a><a href=\"https:\/\/www.inderach.com\/wp-content\/uploads\/2020\/12\/Cataleg_Inderach_ECO_CAST.pdf\" class=\"wp-block-file__button\" download aria-describedby=\"wp-block-file--media-cee17e84-e2cb-4b9e-9a38-2689d9610bd3\">Descarga<\/a><\/div>\n\n\n\n<div class=\"wp-block-group\"><div class=\"wp-block-group__inner-container is-layout-flow wp-block-group-is-layout-flow\">\n<div class=\"wp-block-columns is-layout-flex wp-container-core-columns-is-layout-1 wp-block-columns-is-layout-flex\">\n<div class=\"wp-block-column is-layout-flow wp-block-column-is-layout-flow\"><\/div>\n\n\n\n<div class=\"wp-block-column is-layout-flow wp-block-column-is-layout-flow\"><\/div>\n<\/div>\n<\/div><\/div>\n\n\n\n<div class=\"wp-block-media-text alignwide is-stacked-on-mobile\" style=\"grid-template-columns:30% auto\"><figure class=\"wp-block-media-text__media\"><img loading=\"lazy\" decoding=\"async\" width=\"724\" height=\"1024\" src=\"https:\/\/www.inderach.com\/wp-content\/uploads\/2021\/04\/ECO_Cigrons_Frontal-724x1024.png\" alt=\"\" class=\"wp-image-1411 size-full\" srcset=\"https:\/\/www.inderach.com\/wp-content\/uploads\/2021\/04\/ECO_Cigrons_Frontal-724x1024.png 724w, https:\/\/www.inderach.com\/wp-content\/uploads\/2021\/04\/ECO_Cigrons_Frontal-212x300.png 212w, https:\/\/www.inderach.com\/wp-content\/uploads\/2021\/04\/ECO_Cigrons_Frontal-768x1086.png 768w, https:\/\/www.inderach.com\/wp-content\/uploads\/2021\/04\/ECO_Cigrons_Frontal-1086x1536.png 1086w, https:\/\/www.inderach.com\/wp-content\/uploads\/2021\/04\/ECO_Cigrons_Frontal-1449x2048.png 1449w, https:\/\/www.inderach.com\/wp-content\/uploads\/2021\/04\/ECO_Cigrons_Frontal-1415x2000.png 1415w, https:\/\/www.inderach.com\/wp-content\/uploads\/2021\/04\/ECO_Cigrons_Frontal-1200x1697.png 1200w, https:\/\/www.inderach.com\/wp-content\/uploads\/2021\/04\/ECO_Cigrons_Frontal-1980x2799.png 1980w\" sizes=\"auto, (max-width: 724px) 100vw, 724px\" \/><\/figure><div class=\"wp-block-media-text__content\">\n<h2 class=\"wp-block-heading\" id=\"garbanzo-ecologico-blanco-andaluz\">Garbanzo ecol\u00f3gico blanco andaluz<\/h2>\n\n\n\n<p class=\"has-large-font-size\">Garbanzos de Andaluc\u00eda, piel y crema muy finas y redondeadas.<\/p>\n\n\n\n<div class=\"wp-block-buttons is-layout-flex wp-block-buttons-is-layout-flex\">\n<div class=\"wp-block-button\"><a class=\"wp-block-button__link has-background-color has-text-color has-background\" href=\"https:\/\/www.inderach.com\/2020\/10\/20\/cigro-ecologic\/\" style=\"border-radius:50px;background:linear-gradient(135deg,rgb(67,49,36) 0%,rgb(54,150,40) 100%)\">M\u00c1s info<\/a><\/div>\n<\/div>\n<\/div><\/div>\n\n\n\n<div class=\"wp-block-media-text alignwide is-stacked-on-mobile\" style=\"grid-template-columns:30% auto\"><figure class=\"wp-block-media-text__media\"><img loading=\"lazy\" decoding=\"async\" width=\"724\" height=\"1024\" src=\"https:\/\/www.inderach.com\/wp-content\/uploads\/2021\/04\/ECO_Mongetes_Frontal-724x1024.png\" alt=\"\" class=\"wp-image-1413 size-full\" srcset=\"https:\/\/www.inderach.com\/wp-content\/uploads\/2021\/04\/ECO_Mongetes_Frontal-724x1024.png 724w, https:\/\/www.inderach.com\/wp-content\/uploads\/2021\/04\/ECO_Mongetes_Frontal-212x300.png 212w, https:\/\/www.inderach.com\/wp-content\/uploads\/2021\/04\/ECO_Mongetes_Frontal-768x1086.png 768w, https:\/\/www.inderach.com\/wp-content\/uploads\/2021\/04\/ECO_Mongetes_Frontal-1086x1536.png 1086w, https:\/\/www.inderach.com\/wp-content\/uploads\/2021\/04\/ECO_Mongetes_Frontal-1448x2048.png 1448w, https:\/\/www.inderach.com\/wp-content\/uploads\/2021\/04\/ECO_Mongetes_Frontal-1414x2000.png 1414w, https:\/\/www.inderach.com\/wp-content\/uploads\/2021\/04\/ECO_Mongetes_Frontal-1200x1697.png 1200w, https:\/\/www.inderach.com\/wp-content\/uploads\/2021\/04\/ECO_Mongetes_Frontal-1980x2800.png 1980w\" sizes=\"auto, (max-width: 724px) 100vw, 724px\" \/><\/figure><div class=\"wp-block-media-text__content\">\n<h2 class=\"wp-block-heading\" id=\"judia-ecologica-michigan\">Jud\u00eda ecol\u00f3gica Michigan<\/h2>\n\n\n\n<p class=\"has-large-font-size\">Se caracteriza por su color blanco, forma redonda y es de las m\u00e1s peque\u00f1as del mercado. Es muy sabrosa, con mucha prote\u00edna y un poco de fibra. Sabor suave y textura cremosa.<\/p>\n\n\n\n<div class=\"wp-block-buttons is-layout-flex wp-block-buttons-is-layout-flex\">\n<div class=\"wp-block-button\"><a class=\"wp-block-button__link has-background-color has-text-color has-background\" href=\"https:\/\/www.inderach.com\/2020\/10\/21\/mongeta-ecologica-mixigan\/\" style=\"border-radius:50px;background:linear-gradient(135deg,rgb(67,49,36) 0%,rgb(54,150,40) 100%)\">M\u00e1s info<\/a><\/div>\n<\/div>\n\n\n\n<p><\/p>\n<\/div><\/div>\n\n\n\n<div class=\"wp-block-media-text alignwide is-stacked-on-mobile\" style=\"grid-template-columns:30% auto\"><figure class=\"wp-block-media-text__media\"><img loading=\"lazy\" decoding=\"async\" width=\"724\" height=\"1024\" src=\"https:\/\/www.inderach.com\/wp-content\/uploads\/2021\/04\/ECO_Llenties_Frontal-724x1024.png\" alt=\"\" class=\"wp-image-1414 size-full\" srcset=\"https:\/\/www.inderach.com\/wp-content\/uploads\/2021\/04\/ECO_Llenties_Frontal-724x1024.png 724w, https:\/\/www.inderach.com\/wp-content\/uploads\/2021\/04\/ECO_Llenties_Frontal-212x300.png 212w, https:\/\/www.inderach.com\/wp-content\/uploads\/2021\/04\/ECO_Llenties_Frontal-768x1086.png 768w, https:\/\/www.inderach.com\/wp-content\/uploads\/2021\/04\/ECO_Llenties_Frontal-1086x1536.png 1086w, https:\/\/www.inderach.com\/wp-content\/uploads\/2021\/04\/ECO_Llenties_Frontal-1448x2048.png 1448w, https:\/\/www.inderach.com\/wp-content\/uploads\/2021\/04\/ECO_Llenties_Frontal-1414x2000.png 1414w, https:\/\/www.inderach.com\/wp-content\/uploads\/2021\/04\/ECO_Llenties_Frontal-1200x1697.png 1200w, https:\/\/www.inderach.com\/wp-content\/uploads\/2021\/04\/ECO_Llenties_Frontal-1980x2800.png 1980w\" sizes=\"auto, (max-width: 724px) 100vw, 724px\" \/><\/figure><div class=\"wp-block-media-text__content\">\n<h2 class=\"wp-block-heading\" id=\"lenteja-ecologica-pardina\">Lenteja ecol\u00f3gica pardina<\/h2>\n\n\n\n<p class=\"has-large-font-size\">Lenteja de tama\u00f1o reducido, piel oscura y suave en boca. Es una variedad de lentejas tambi\u00e9n conocida como lenteja franciscana, que difiere de otras por el color marr\u00f3n de la piel.<\/p>\n\n\n\n<div class=\"wp-block-buttons is-layout-flex wp-block-buttons-is-layout-flex\">\n<div class=\"wp-block-button\"><a class=\"wp-block-button__link has-background-color has-text-color has-background\" href=\"https:\/\/www.inderach.com\/2020\/10\/21\/llentia-ecologica-pardina\/\" style=\"border-radius:50px;background:linear-gradient(135deg,rgb(67,49,36) 0%,rgb(54,150,40) 100%)\">M\u00e1s info<\/a><\/div>\n<\/div>\n\n\n\n<p><\/p>\n<\/div><\/div>\n\n\n\n<figure class=\"wp-block-embed is-type-video is-provider-youtube wp-block-embed-youtube wp-embed-aspect-16-9 wp-has-aspect-ratio\"><div class=\"wp-block-embed__wrapper\">\n<iframe loading=\"lazy\" title=\"Inderach - Legumbres ecol\u00f3gicas\" width=\"580\" height=\"326\" src=\"https:\/\/www.youtube.com\/embed\/_jag9xGkZWI?feature=oembed\" frameborder=\"0\" allow=\"accelerometer; autoplay; clipboard-write; encrypted-media; gyroscope; picture-in-picture; web-share\" referrerpolicy=\"strict-origin-when-cross-origin\" allowfullscreen><\/iframe>\n<\/div><\/figure>\n\n\n\n<hr class=\"wp-block-separator\"\/>\n\n\n\n<div class=\"wp-block-group\"><div class=\"wp-block-group__inner-container is-layout-flow wp-block-group-is-layout-flow\">\n<div class=\"wp-block-image is-style-rounded\"><figure class=\"alignright size-large is-resized\"><img decoding=\"async\" src=\"https:\/\/www.inderach.com\/wp-content\/uploads\/2021\/08\/CCPAE_2021-1.jpg\" alt=\"\" class=\"wp-image-1520\" height=\"200\" srcset=\"https:\/\/www.inderach.com\/wp-content\/uploads\/2021\/08\/CCPAE_2021-1.jpg 588w, https:\/\/www.inderach.com\/wp-content\/uploads\/2021\/08\/CCPAE_2021-1-181x300.jpg 181w\" sizes=\"(max-width: 588px) 100vw, 588px\" \/><\/figure><\/div>\n\n\n\n<blockquote class=\"wp-block-quote has-text-align-center is-style-large is-layout-flow wp-block-quote-is-layout-flow\"><p>\u00abLegumbres que se han cultivado respetando el medio ambiente, lo que significa que no est\u00e1n utilizando pesticidas o fertilizantes qu\u00edmicos (fungicidas, insecticidas o herbicidas). S\u00f3lo se utilizan fertilizantes org\u00e1nicos y minerales naturales y la fertilizaci\u00f3n con nitr\u00f3geno est\u00e1 limitado a 170 kgN\/ha y a\u00f1o.<\/p><p><\/p><p>Gracias a este cultivo, obtenemos alimentos que no han sido tratados y crecen de forma natural, conservando todos los nutrientes esenciales. Productos que son altamente beneficiosos para nuestra salud y, al mismo tiempo, el cuidado del medio ambiente.\u00bb<\/p><cite>Consell Catal\u00e0 de la Producci\u00f3 Agr\u00e0ria Ecol\u00f2gica<\/cite><\/blockquote>\n\n\n\n<p><\/p>\n<\/div><\/div>\n\n\n\n<p><\/p>\n","protected":false},"excerpt":{"rendered":"<p>Llegumbres BIO, legumbres ecol\u00f3gicas Nuestras legumbres est\u00e1n certificadas por el Consejo Catal\u00e1n de Producci\u00f3n Ecol\u00f3gica Agr\u00edcola de la Generalitat de Catalunya como legumbres en la agricultura ecol\u00f3gica. Aunque nuestra m\u00e1xima prioridad es seguir desarrollando un producto con una elaboraci\u00f3n tradicional, nunca olvidamos la evoluci\u00f3n, y es por ello que introducimos las legumbres ecol\u00f3gicas en nuestra [&hellip;]<\/p>\n","protected":false},"author":1,"featured_media":0,"parent":0,"menu_order":0,"comment_status":"closed","ping_status":"closed","template":"","meta":{"_monsterinsights_skip_tracking":false,"_monsterinsights_sitenote_active":false,"_monsterinsights_sitenote_note":"","_monsterinsights_sitenote_category":0,"footnotes":""},"class_list":["post-249","page","type-page","status-publish","hentry"],"_links":{"self":[{"href":"https:\/\/www.inderach.com\/cast\/wp-json\/wp\/v2\/pages\/249","targetHints":{"allow":["GET"]}}],"collection":[{"href":"https:\/\/www.inderach.com\/cast\/wp-json\/wp\/v2\/pages"}],"about":[{"href":"https:\/\/www.inderach.com\/cast\/wp-json\/wp\/v2\/types\/page"}],"author":[{"embeddable":true,"href":"https:\/\/www.inderach.com\/cast\/wp-json\/wp\/v2\/users\/1"}],"replies":[{"embeddable":true,"href":"https:\/\/www.inderach.com\/cast\/wp-json\/wp\/v2\/comments?post=249"}],"version-history":[{"count":15,"href":"https:\/\/www.inderach.com\/cast\/wp-json\/wp\/v2\/pages\/249\/revisions"}],"predecessor-version":[{"id":1729,"href":"https:\/\/www.inderach.com\/cast\/wp-json\/wp\/v2\/pages\/249\/revisions\/1729"}],"wp:attachment":[{"href":"https:\/\/www.inderach.com\/cast\/wp-json\/wp\/v2\/media?parent=249"}],"curies":[{"name":"wp","href":"https:\/\/api.w.org\/{rel}","templated":true}]}}

Legumbres ecológicas

<div class="wp-block-cover alignwide is-light is-position-center-center" style="min-height:276px;aspect-ratio:unset;"><span aria-hidden="true" class="has-background-dim-20 wp-block-cover__gradient-background has-background-dim"></span><img loading="lazy" decoding="async" width="2000" height="1300" class="wp-block-cover__image-background wp-image-150" alt="" src="https://www.inderach.com/wp-content/uploads/2020/06/campo-lentejas.jpg" style="object-position:40% 26%" data-object-fit="cover" data-object-position="40% 26%" srcset="https://www.inderach.com/wp-content/uploads/2020/06/campo-lentejas.jpg 2000w, https://www.inderach.com/wp-content/uploads/2020/06/campo-lentejas-300x195.jpg 300w, https://www.inderach.com/wp-content/uploads/2020/06/campo-lentejas-1024x666.jpg 1024w, https://www.inderach.com/wp-content/uploads/2020/06/campo-lentejas-768x499.jpg 768w, https://www.inderach.com/wp-content/uploads/2020/06/campo-lentejas-1536x998.jpg 1536w, https://www.inderach.com/wp-content/uploads/2020/06/campo-lentejas-1200x780.jpg 1200w, https://www.inderach.com/wp-content/uploads/2020/06/campo-lentejas-1980x1287.jpg 1980w" sizes="auto, (max-width: 2000px) 100vw, 2000px" /><div class="wp-block-cover__inner-container is-layout-flow wp-block-cover-is-layout-flow">
<p class="has-text-align-center has-text-color" style="color:#fffffa;font-size:49px;line-height:1.1"><strong>Del campo a la mesa.</strong></p>



<p class="has-text-align-center has-text-color" style="color:#fffffa;font-size:49px;line-height:1.1"><strong>Las legumbres ecológicas de Inderach</strong></p>
</div></div>



<h3 class="wp-block-heading" id="llegumbres-bio-legumbres-ecologicas"><strong>Llegumbres BIO, legumbres ecológicas</strong></h3>



<p>Nuestras legumbres están certificadas por el Consejo Catalán de Producción Ecológica Agrícola de la Generalitat de Catalunya como legumbres en la agricultura ecológica. Aunque nuestra máxima prioridad es seguir desarrollando un producto con una elaboración tradicional, nunca olvidamos la evolución, y es por ello que introducimos las legumbres ecológicas en nuestra cartera de productos. Para cuidar la tierra y el medio ambiente… en definitiva, para cuidar de todos nosotros!</p>



<div class="wp-block-file"><a id="wp-block-file--media-cee17e84-e2cb-4b9e-9a38-2689d9610bd3" href="https://www.inderach.com/wp-content/uploads/2020/12/Cataleg_Inderach_ECO_CAST.pdf">Catálogo de legumbres ecológicas</a><a href="https://www.inderach.com/wp-content/uploads/2020/12/Cataleg_Inderach_ECO_CAST.pdf" class="wp-block-file__button" download aria-describedby="wp-block-file--media-cee17e84-e2cb-4b9e-9a38-2689d9610bd3">Descarga</a></div>



<div class="wp-block-group"><div class="wp-block-group__inner-container is-layout-flow wp-block-group-is-layout-flow">
<div class="wp-block-columns is-layout-flex wp-container-core-columns-is-layout-1 wp-block-columns-is-layout-flex">
<div class="wp-block-column is-layout-flow wp-block-column-is-layout-flow"></div>



<div class="wp-block-column is-layout-flow wp-block-column-is-layout-flow"></div>
</div>
</div></div>



<div class="wp-block-media-text alignwide is-stacked-on-mobile" style="grid-template-columns:30% auto"><figure class="wp-block-media-text__media"><img loading="lazy" decoding="async" width="724" height="1024" src="https://www.inderach.com/wp-content/uploads/2021/04/ECO_Cigrons_Frontal-724x1024.png" alt="" class="wp-image-1411 size-full" srcset="https://www.inderach.com/wp-content/uploads/2021/04/ECO_Cigrons_Frontal-724x1024.png 724w, https://www.inderach.com/wp-content/uploads/2021/04/ECO_Cigrons_Frontal-212x300.png 212w, https://www.inderach.com/wp-content/uploads/2021/04/ECO_Cigrons_Frontal-768x1086.png 768w, https://www.inderach.com/wp-content/uploads/2021/04/ECO_Cigrons_Frontal-1086x1536.png 1086w, https://www.inderach.com/wp-content/uploads/2021/04/ECO_Cigrons_Frontal-1449x2048.png 1449w, https://www.inderach.com/wp-content/uploads/2021/04/ECO_Cigrons_Frontal-1415x2000.png 1415w, https://www.inderach.com/wp-content/uploads/2021/04/ECO_Cigrons_Frontal-1200x1697.png 1200w, https://www.inderach.com/wp-content/uploads/2021/04/ECO_Cigrons_Frontal-1980x2799.png 1980w" sizes="auto, (max-width: 724px) 100vw, 724px" /></figure><div class="wp-block-media-text__content">
<h2 class="wp-block-heading" id="garbanzo-ecologico-blanco-andaluz">Garbanzo ecológico blanco andaluz</h2>



<p class="has-large-font-size">Garbanzos de Andalucía, piel y crema muy finas y redondeadas.</p>



<div class="wp-block-buttons is-layout-flex wp-block-buttons-is-layout-flex">
<div class="wp-block-button"><a class="wp-block-button__link has-background-color has-text-color has-background" href="https://www.inderach.com/2020/10/20/cigro-ecologic/" style="border-radius:50px;background:linear-gradient(135deg,rgb(67,49,36) 0%,rgb(54,150,40) 100%)">MÁs info</a></div>
</div>
</div></div>



<div class="wp-block-media-text alignwide is-stacked-on-mobile" style="grid-template-columns:30% auto"><figure class="wp-block-media-text__media"><img loading="lazy" decoding="async" width="724" height="1024" src="https://www.inderach.com/wp-content/uploads/2021/04/ECO_Mongetes_Frontal-724x1024.png" alt="" class="wp-image-1413 size-full" srcset="https://www.inderach.com/wp-content/uploads/2021/04/ECO_Mongetes_Frontal-724x1024.png 724w, https://www.inderach.com/wp-content/uploads/2021/04/ECO_Mongetes_Frontal-212x300.png 212w, https://www.inderach.com/wp-content/uploads/2021/04/ECO_Mongetes_Frontal-768x1086.png 768w, https://www.inderach.com/wp-content/uploads/2021/04/ECO_Mongetes_Frontal-1086x1536.png 1086w, https://www.inderach.com/wp-content/uploads/2021/04/ECO_Mongetes_Frontal-1448x2048.png 1448w, https://www.inderach.com/wp-content/uploads/2021/04/ECO_Mongetes_Frontal-1414x2000.png 1414w, https://www.inderach.com/wp-content/uploads/2021/04/ECO_Mongetes_Frontal-1200x1697.png 1200w, https://www.inderach.com/wp-content/uploads/2021/04/ECO_Mongetes_Frontal-1980x2800.png 1980w" sizes="auto, (max-width: 724px) 100vw, 724px" /></figure><div class="wp-block-media-text__content">
<h2 class="wp-block-heading" id="judia-ecologica-michigan">Judía ecológica Michigan</h2>



<p class="has-large-font-size">Se caracteriza por su color blanco, forma redonda y es de las más pequeñas del mercado. Es muy sabrosa, con mucha proteína y un poco de fibra. Sabor suave y textura cremosa.</p>



<div class="wp-block-buttons is-layout-flex wp-block-buttons-is-layout-flex">
<div class="wp-block-button"><a class="wp-block-button__link has-background-color has-text-color has-background" href="https://www.inderach.com/2020/10/21/mongeta-ecologica-mixigan/" style="border-radius:50px;background:linear-gradient(135deg,rgb(67,49,36) 0%,rgb(54,150,40) 100%)">Más info</a></div>
</div>



<p></p>
</div></div>



<div class="wp-block-media-text alignwide is-stacked-on-mobile" style="grid-template-columns:30% auto"><figure class="wp-block-media-text__media"><img loading="lazy" decoding="async" width="724" height="1024" src="https://www.inderach.com/wp-content/uploads/2021/04/ECO_Llenties_Frontal-724x1024.png" alt="" class="wp-image-1414 size-full" srcset="https://www.inderach.com/wp-content/uploads/2021/04/ECO_Llenties_Frontal-724x1024.png 724w, https://www.inderach.com/wp-content/uploads/2021/04/ECO_Llenties_Frontal-212x300.png 212w, https://www.inderach.com/wp-content/uploads/2021/04/ECO_Llenties_Frontal-768x1086.png 768w, https://www.inderach.com/wp-content/uploads/2021/04/ECO_Llenties_Frontal-1086x1536.png 1086w, https://www.inderach.com/wp-content/uploads/2021/04/ECO_Llenties_Frontal-1448x2048.png 1448w, https://www.inderach.com/wp-content/uploads/2021/04/ECO_Llenties_Frontal-1414x2000.png 1414w, https://www.inderach.com/wp-content/uploads/2021/04/ECO_Llenties_Frontal-1200x1697.png 1200w, https://www.inderach.com/wp-content/uploads/2021/04/ECO_Llenties_Frontal-1980x2800.png 1980w" sizes="auto, (max-width: 724px) 100vw, 724px" /></figure><div class="wp-block-media-text__content">
<h2 class="wp-block-heading" id="lenteja-ecologica-pardina">Lenteja ecológica pardina</h2>



<p class="has-large-font-size">Lenteja de tamaño reducido, piel oscura y suave en boca. Es una variedad de lentejas también conocida como lenteja franciscana, que difiere de otras por el color marrón de la piel.</p>



<div class="wp-block-buttons is-layout-flex wp-block-buttons-is-layout-flex">
<div class="wp-block-button"><a class="wp-block-button__link has-background-color has-text-color has-background" href="https://www.inderach.com/2020/10/21/llentia-ecologica-pardina/" style="border-radius:50px;background:linear-gradient(135deg,rgb(67,49,36) 0%,rgb(54,150,40) 100%)">Más info</a></div>
</div>



<p></p>
</div></div>



<figure class="wp-block-embed is-type-video is-provider-youtube wp-block-embed-youtube wp-embed-aspect-16-9 wp-has-aspect-ratio"><div class="wp-block-embed__wrapper">
<iframe loading="lazy" title="Inderach - Legumbres ecológicas" width="580" height="326" src="https://www.youtube.com/embed/_jag9xGkZWI?feature=oembed" frameborder="0" allow="accelerometer; autoplay; clipboard-write; encrypted-media; gyroscope; picture-in-picture; web-share" referrerpolicy="strict-origin-when-cross-origin" allowfullscreen></iframe>
</div></figure>



<hr class="wp-block-separator"/>



<div class="wp-block-group"><div class="wp-block-group__inner-container is-layout-flow wp-block-group-is-layout-flow">
<div class="wp-block-image is-style-rounded"><figure class="alignright size-large is-resized"><img decoding="async" src="https://www.inderach.com/wp-content/uploads/2021/08/CCPAE_2021-1.jpg" alt="" class="wp-image-1520" height="200" srcset="https://www.inderach.com/wp-content/uploads/2021/08/CCPAE_2021-1.jpg 588w, https://www.inderach.com/wp-content/uploads/2021/08/CCPAE_2021-1-181x300.jpg 181w" sizes="(max-width: 588px) 100vw, 588px" /></figure></div>



<blockquote class="wp-block-quote has-text-align-center is-style-large is-layout-flow wp-block-quote-is-layout-flow"><p>«Legumbres que se han cultivado respetando el medio ambiente, lo que significa que no están utilizando pesticidas o fertilizantes químicos (fungicidas, insecticidas o herbicidas). Sólo se utilizan fertilizantes orgánicos y minerales naturales y la fertilización con nitrógeno está limitado a 170 kgN/ha y año.</p><p></p><p>Gracias a este cultivo, obtenemos alimentos que no han sido tratados y crecen de forma natural, conservando todos los nutrientes esenciales. Productos que son altamente beneficiosos para nuestra salud y, al mismo tiempo, el cuidado del medio ambiente.»</p><cite>Consell Català de la Producció Agrària Ecològica</cite></blockquote>



<p></p>
</div></div>



<p></p>

<p>Llegumbres BIO, legumbres ecológicas Nuestras legumbres están certificadas por el Consejo Catalán de Producción Ecológica Agrícola de la Generalitat de Catalunya como legumbres en la agricultura ecológica. Aunque nuestra máxima prioridad es seguir desarrollando un producto con una elaboración tradicional, nunca olvidamos la evolución, y es por ello que introducimos las legumbres ecológicas en nuestra [&hellip;]</p>
