{"id":1908,"date":"2023-08-02T18:06:40","date_gmt":"2023-08-02T16:06:40","guid":{"rendered":"https:\/\/www.inderach.com\/?page_id=1908"},"modified":"2023-08-28T07:33:34","modified_gmt":"2023-08-28T05:33:34","slug":"quinoa-2","status":"publish","type":"page","link":"https:\/\/www.inderach.com\/cast\/quinoa-2\/","title":{"rendered":"Quinoa"},"content":{"rendered":"\n<div class=\"wp-block-media-text alignwide is-stacked-on-mobile\" style=\"grid-template-columns:28% auto\"><figure class=\"wp-block-media-text__media\"><img loading=\"lazy\" decoding=\"async\" width=\"1024\" height=\"671\" src=\"https:\/\/www.inderach.com\/wp-content\/uploads\/2020\/05\/Quinoa_03-1024x671.jpg\" alt=\"\" class=\"wp-image-107 size-full\" srcset=\"https:\/\/www.inderach.com\/wp-content\/uploads\/2020\/05\/Quinoa_03-1024x671.jpg 1024w, https:\/\/www.inderach.com\/wp-content\/uploads\/2020\/05\/Quinoa_03-300x197.jpg 300w, https:\/\/www.inderach.com\/wp-content\/uploads\/2020\/05\/Quinoa_03-768x503.jpg 768w, https:\/\/www.inderach.com\/wp-content\/uploads\/2020\/05\/Quinoa_03-1536x1007.jpg 1536w, https:\/\/www.inderach.com\/wp-content\/uploads\/2020\/05\/Quinoa_03-2048x1342.jpg 2048w, https:\/\/www.inderach.com\/wp-content\/uploads\/2020\/05\/Quinoa_03-1200x787.jpg 1200w, https:\/\/www.inderach.com\/wp-content\/uploads\/2020\/05\/Quinoa_03-1980x1298.jpg 1980w\" sizes=\"auto, (max-width: 1024px) 100vw, 1024px\" \/><\/figure><div class=\"wp-block-media-text__content\">\n<h2 class=\"has-text-color wp-block-heading\" id=\"quinoa-cocida\" style=\"color:#369628\">Quinoa cocida<\/h2>\n\n\n\n<p>La quinoa tiene un alto contenido en almid\u00f3n y su uso es el de un cereal. La quinoa es en realidad una nuez peque\u00f1a, de unos 2 mil\u00edmetros, y, por lo tanto, estrictamente, es una fruta seca.<br>Su origen se encuentra en la regi\u00f3n andina de Am\u00e9rica, donde durante 6.000 a\u00f1os fue una importante especie cultivada junto a la patata y el ma\u00edz. El nombre proviene de la lengua quechua.<br>Las Naciones Unidas consideran que la quinoa es un superconreo por sul alto contenido de prote\u00ednas. Adem\u00e1s, contiene todos los amino\u00e1cidos esenciales de una manera equilibrada; es rica en fibra diet\u00e9tica, f\u00f3sforo, magnesio y hierro; no tiene gluten y es f\u00e1cil de digerir. Es rica en carbohidratos.<\/p>\n\n\n\n<div class=\"wp-block-buttons is-layout-flex wp-block-buttons-is-layout-flex\">\n<div class=\"wp-block-button\"><a class=\"wp-block-button__link has-background\" href=\"https:\/\/www.inderach.com\/2020\/10\/21\/trio-de-quinoes\/\" style=\"border-radius:50px;background:linear-gradient(135deg,rgb(67,49,36) 0%,rgb(54,150,40) 100%)\">QUINOA TRICOLOR<\/a><\/div>\n\n\n\n<div class=\"wp-block-button\"><a class=\"wp-block-button__link has-background\" href=\"https:\/\/www.inderach.com\/2023\/08\/02\/quinoa-vermella\/\" style=\"border-radius:50px;background:linear-gradient(135deg,rgb(67,49,36) 0%,rgb(54,150,40) 100%)\">QUINOA roja<\/a><\/div>\n<\/div>\n\n\n\n<p><\/p>\n<\/div><\/div>\n\n\n\n<hr class=\"wp-block-separator\"\/>\n\n\n\n<div class=\"wp-block-group\"><div class=\"wp-block-group__inner-container is-layout-flow wp-block-group-is-layout-flow\">\n<div class=\"wp-block-image is-style-rounded\"><figure class=\"alignright size-large is-resized\"><img loading=\"lazy\" decoding=\"async\" src=\"https:\/\/www.inderach.com\/wp-content\/uploads\/2020\/10\/Harvard-edited.jpg\" alt=\"\" class=\"wp-image-247\" width=\"279\" height=\"146\" srcset=\"https:\/\/www.inderach.com\/wp-content\/uploads\/2020\/10\/Harvard-edited.jpg 1198w, https:\/\/www.inderach.com\/wp-content\/uploads\/2020\/10\/Harvard-edited-300x158.jpg 300w, https:\/\/www.inderach.com\/wp-content\/uploads\/2020\/10\/Harvard-edited-1024x538.jpg 1024w, https:\/\/www.inderach.com\/wp-content\/uploads\/2020\/10\/Harvard-edited-768x404.jpg 768w\" sizes=\"auto, (max-width: 279px) 100vw, 279px\" \/><\/figure><\/div>\n\n\n\n<blockquote class=\"wp-block-quote has-text-align-center is-style-large is-layout-flow wp-block-quote-is-layout-flow\"><p><em>\u00abLas legumbres deben formar parte de la prote\u00edna saludable del 25% que se debe comer diariamente\u00bb<\/em><\/p><cite>Seg\u00fan un estudio de Harvard T.H. Chan School of Public Health<\/cite><\/blockquote>\n<\/div><\/div>\n\n\n\n<p><\/p>\n","protected":false},"excerpt":{"rendered":"<p>\u00abLas legumbres deben formar parte de la prote\u00edna saludable del 25% que se debe comer diariamente\u00bb Seg\u00fan un estudio de Harvard T.H. Chan School of Public Health<\/p>\n","protected":false},"author":1,"featured_media":0,"parent":0,"menu_order":0,"comment_status":"closed","ping_status":"closed","template":"","meta":{"_monsterinsights_skip_tracking":false,"_monsterinsights_sitenote_active":false,"_monsterinsights_sitenote_note":"","_monsterinsights_sitenote_category":0,"footnotes":""},"class_list":["post-1908","page","type-page","status-publish","hentry"],"_links":{"self":[{"href":"https:\/\/www.inderach.com\/cast\/wp-json\/wp\/v2\/pages\/1908","targetHints":{"allow":["GET"]}}],"collection":[{"href":"https:\/\/www.inderach.com\/cast\/wp-json\/wp\/v2\/pages"}],"about":[{"href":"https:\/\/www.inderach.com\/cast\/wp-json\/wp\/v2\/types\/page"}],"author":[{"embeddable":true,"href":"https:\/\/www.inderach.com\/cast\/wp-json\/wp\/v2\/users\/1"}],"replies":[{"embeddable":true,"href":"https:\/\/www.inderach.com\/cast\/wp-json\/wp\/v2\/comments?post=1908"}],"version-history":[{"count":4,"href":"https:\/\/www.inderach.com\/cast\/wp-json\/wp\/v2\/pages\/1908\/revisions"}],"predecessor-version":[{"id":2139,"href":"https:\/\/www.inderach.com\/cast\/wp-json\/wp\/v2\/pages\/1908\/revisions\/2139"}],"wp:attachment":[{"href":"https:\/\/www.inderach.com\/cast\/wp-json\/wp\/v2\/media?parent=1908"}],"curies":[{"name":"wp","href":"https:\/\/api.w.org\/{rel}","templated":true}]}}

<div class="wp-block-media-text alignwide is-stacked-on-mobile" style="grid-template-columns:28% auto"><figure class="wp-block-media-text__media"><img loading="lazy" decoding="async" width="1024" height="671" src="https://www.inderach.com/wp-content/uploads/2020/05/Quinoa_03-1024x671.jpg" alt="" class="wp-image-107 size-full" srcset="https://www.inderach.com/wp-content/uploads/2020/05/Quinoa_03-1024x671.jpg 1024w, https://www.inderach.com/wp-content/uploads/2020/05/Quinoa_03-300x197.jpg 300w, https://www.inderach.com/wp-content/uploads/2020/05/Quinoa_03-768x503.jpg 768w, https://www.inderach.com/wp-content/uploads/2020/05/Quinoa_03-1536x1007.jpg 1536w, https://www.inderach.com/wp-content/uploads/2020/05/Quinoa_03-2048x1342.jpg 2048w, https://www.inderach.com/wp-content/uploads/2020/05/Quinoa_03-1200x787.jpg 1200w, https://www.inderach.com/wp-content/uploads/2020/05/Quinoa_03-1980x1298.jpg 1980w" sizes="auto, (max-width: 1024px) 100vw, 1024px" /></figure><div class="wp-block-media-text__content">
<h2 class="has-text-color wp-block-heading" id="quinoa-cocida" style="color:#369628">Quinoa cocida</h2>



<p>La quinoa tiene un alto contenido en almidón y su uso es el de un cereal. La quinoa es en realidad una nuez pequeña, de unos 2 milímetros, y, por lo tanto, estrictamente, es una fruta seca.<br>Su origen se encuentra en la región andina de América, donde durante 6.000 años fue una importante especie cultivada junto a la patata y el maíz. El nombre proviene de la lengua quechua.<br>Las Naciones Unidas consideran que la quinoa es un superconreo por sul alto contenido de proteínas. Además, contiene todos los aminoácidos esenciales de una manera equilibrada; es rica en fibra dietética, fósforo, magnesio y hierro; no tiene gluten y es fácil de digerir. Es rica en carbohidratos.</p>



<div class="wp-block-buttons is-layout-flex wp-block-buttons-is-layout-flex">
<div class="wp-block-button"><a class="wp-block-button__link has-background" href="https://www.inderach.com/2020/10/21/trio-de-quinoes/" style="border-radius:50px;background:linear-gradient(135deg,rgb(67,49,36) 0%,rgb(54,150,40) 100%)">QUINOA TRICOLOR</a></div>



<div class="wp-block-button"><a class="wp-block-button__link has-background" href="https://www.inderach.com/2023/08/02/quinoa-vermella/" style="border-radius:50px;background:linear-gradient(135deg,rgb(67,49,36) 0%,rgb(54,150,40) 100%)">QUINOA roja</a></div>
</div>



<p></p>
</div></div>



<hr class="wp-block-separator"/>



<div class="wp-block-group"><div class="wp-block-group__inner-container is-layout-flow wp-block-group-is-layout-flow">
<div class="wp-block-image is-style-rounded"><figure class="alignright size-large is-resized"><img loading="lazy" decoding="async" src="https://www.inderach.com/wp-content/uploads/2020/10/Harvard-edited.jpg" alt="" class="wp-image-247" width="279" height="146" srcset="https://www.inderach.com/wp-content/uploads/2020/10/Harvard-edited.jpg 1198w, https://www.inderach.com/wp-content/uploads/2020/10/Harvard-edited-300x158.jpg 300w, https://www.inderach.com/wp-content/uploads/2020/10/Harvard-edited-1024x538.jpg 1024w, https://www.inderach.com/wp-content/uploads/2020/10/Harvard-edited-768x404.jpg 768w" sizes="auto, (max-width: 279px) 100vw, 279px" /></figure></div>



<blockquote class="wp-block-quote has-text-align-center is-style-large is-layout-flow wp-block-quote-is-layout-flow"><p><em>«Las legumbres deben formar parte de la proteína saludable del 25% que se debe comer diariamente»</em></p><cite>Según un estudio de Harvard T.H. Chan School of Public Health</cite></blockquote>
</div></div>



<p></p>

<p>«Las legumbres deben formar parte de la proteína saludable del 25% que se debe comer diariamente» Según un estudio de Harvard T.H. Chan School of Public Health</p>
