{"id":1731,"date":"2022-03-29T13:14:06","date_gmt":"2022-03-29T11:14:06","guid":{"rendered":"https:\/\/www.inderach.com\/?page_id=1731"},"modified":"2022-03-29T13:26:14","modified_gmt":"2022-03-29T11:26:14","slug":"sostenibilitat","status":"publish","type":"page","link":"https:\/\/www.inderach.com\/cast\/sostenibilitat\/","title":{"rendered":"Sostenibilidad"},"content":{"rendered":"\n<div class=\"wp-block-media-text alignwide is-stacked-on-mobile\" style=\"grid-template-columns:41% auto\"><figure class=\"wp-block-media-text__media\"><img loading=\"lazy\" decoding=\"async\" width=\"500\" height=\"500\" src=\"https:\/\/www.inderach.com\/wp-content\/uploads\/2022\/03\/que-tingueu-una-vida-19.jpg\" alt=\"\" class=\"wp-image-1741 size-full\" srcset=\"https:\/\/www.inderach.com\/wp-content\/uploads\/2022\/03\/que-tingueu-una-vida-19.jpg 500w, https:\/\/www.inderach.com\/wp-content\/uploads\/2022\/03\/que-tingueu-una-vida-19-300x300.jpg 300w, https:\/\/www.inderach.com\/wp-content\/uploads\/2022\/03\/que-tingueu-una-vida-19-150x150.jpg 150w\" sizes=\"auto, (max-width: 500px) 100vw, 500px\" \/><\/figure><div class=\"wp-block-media-text__content\">\n<p><strong>EFICIENCIA ENERG\u00c9TICA<\/strong><\/p>\n\n\n\n<p>La apuesta por la sostenibilidad es una estrategia clave en Inderach. Por eso, este 2022 hemos puesto en marcha <strong>una instalaci\u00f3n solar fotovoltaica por autoconsumo<\/strong> de 41 kWp en la cubierta de nuestra nave industrial. En total se han instalado 102 paneles solares, orientados a este y oeste y dos inversores de 20kW cada uno.<\/p>\n\n\n\n<p>Con esta instalaci\u00f3n ya en marcha desde este mes de febrero de 2022, se prev\u00e9 generar una energ\u00eda anual de 51.270,09 kWh; lo que representa un 30% de la energ\u00eda consumida anualmente por nuestra industria de legumbre cocida. Representa un 35% de la reducci\u00f3n del gasto energ\u00e9tico, una reducci\u00f3n de 28.252,96 kg de emisi\u00f3n de CO2 anuales; lo que supondr\u00eda una plantaci\u00f3n de 2.195 \u00e1rboles.<\/p>\n\n\n\n<p>\u00c9ste es un paso m\u00e1s de Inderach hacia la sostenibilidad de todo nuestro proceso productivo, el cual intentamos velar d\u00eda tras d\u00eda para que sea el m\u00e1s respetuoso con el medio ambiente, siguiendo las directrices de la Agenda 2030 de los Objetivos de Desarrollo Sostenible de la Uni\u00f3n Europea.<\/p>\n<\/div><\/div>\n\n\n\n<p><\/p>\n","protected":false},"excerpt":{"rendered":"<p>EFICIENCIA ENERG\u00c9TICA La apuesta por la sostenibilidad es una estrategia clave en Inderach. Por eso, este 2022 hemos puesto en marcha una instalaci\u00f3n solar fotovoltaica por autoconsumo de 41 kWp en la cubierta de nuestra nave industrial. En total se han instalado 102 paneles solares, orientados a este y oeste y dos inversores de 20kW [&hellip;]<\/p>\n","protected":false},"author":1,"featured_media":0,"parent":0,"menu_order":0,"comment_status":"closed","ping_status":"closed","template":"","meta":{"_monsterinsights_skip_tracking":false,"_monsterinsights_sitenote_active":false,"_monsterinsights_sitenote_note":"","_monsterinsights_sitenote_category":0,"footnotes":""},"class_list":["post-1731","page","type-page","status-publish","hentry"],"_links":{"self":[{"href":"https:\/\/www.inderach.com\/cast\/wp-json\/wp\/v2\/pages\/1731","targetHints":{"allow":["GET"]}}],"collection":[{"href":"https:\/\/www.inderach.com\/cast\/wp-json\/wp\/v2\/pages"}],"about":[{"href":"https:\/\/www.inderach.com\/cast\/wp-json\/wp\/v2\/types\/page"}],"author":[{"embeddable":true,"href":"https:\/\/www.inderach.com\/cast\/wp-json\/wp\/v2\/users\/1"}],"replies":[{"embeddable":true,"href":"https:\/\/www.inderach.com\/cast\/wp-json\/wp\/v2\/comments?post=1731"}],"version-history":[{"count":4,"href":"https:\/\/www.inderach.com\/cast\/wp-json\/wp\/v2\/pages\/1731\/revisions"}],"predecessor-version":[{"id":1742,"href":"https:\/\/www.inderach.com\/cast\/wp-json\/wp\/v2\/pages\/1731\/revisions\/1742"}],"wp:attachment":[{"href":"https:\/\/www.inderach.com\/cast\/wp-json\/wp\/v2\/media?parent=1731"}],"curies":[{"name":"wp","href":"https:\/\/api.w.org\/{rel}","templated":true}]}}

<div class="wp-block-media-text alignwide is-stacked-on-mobile" style="grid-template-columns:41% auto"><figure class="wp-block-media-text__media"><img loading="lazy" decoding="async" width="500" height="500" src="https://www.inderach.com/wp-content/uploads/2022/03/que-tingueu-una-vida-19.jpg" alt="" class="wp-image-1741 size-full" srcset="https://www.inderach.com/wp-content/uploads/2022/03/que-tingueu-una-vida-19.jpg 500w, https://www.inderach.com/wp-content/uploads/2022/03/que-tingueu-una-vida-19-300x300.jpg 300w, https://www.inderach.com/wp-content/uploads/2022/03/que-tingueu-una-vida-19-150x150.jpg 150w" sizes="auto, (max-width: 500px) 100vw, 500px" /></figure><div class="wp-block-media-text__content">
<p><strong>EFICIENCIA ENERGÉTICA</strong></p>



<p>La apuesta por la sostenibilidad es una estrategia clave en Inderach. Por eso, este 2022 hemos puesto en marcha <strong>una instalación solar fotovoltaica por autoconsumo</strong> de 41 kWp en la cubierta de nuestra nave industrial. En total se han instalado 102 paneles solares, orientados a este y oeste y dos inversores de 20kW cada uno.</p>



<p>Con esta instalación ya en marcha desde este mes de febrero de 2022, se prevé generar una energía anual de 51.270,09 kWh; lo que representa un 30% de la energía consumida anualmente por nuestra industria de legumbre cocida. Representa un 35% de la reducción del gasto energético, una reducción de 28.252,96 kg de emisión de CO2 anuales; lo que supondría una plantación de 2.195 árboles.</p>



<p>Éste es un paso más de Inderach hacia la sostenibilidad de todo nuestro proceso productivo, el cual intentamos velar día tras día para que sea el más respetuoso con el medio ambiente, siguiendo las directrices de la Agenda 2030 de los Objetivos de Desarrollo Sostenible de la Unión Europea.</p>
</div></div>



<p></p>

<p>EFICIENCIA ENERGÉTICA La apuesta por la sostenibilidad es una estrategia clave en Inderach. Por eso, este 2022 hemos puesto en marcha una instalación solar fotovoltaica por autoconsumo de 41 kWp en la cubierta de nuestra nave industrial. En total se han instalado 102 paneles solares, orientados a este y oeste y dos inversores de 20kW [&hellip;]</p>
